{"id":14,"date":"2022-01-03T16:46:22","date_gmt":"2022-01-03T15:46:22","guid":{"rendered":"https:\/\/www-test.heinselmaenner.de\/?page_id=14"},"modified":"2022-03-10T14:42:08","modified_gmt":"2022-03-10T13:42:08","slug":"ueber-uns","status":"publish","type":"page","link":"https:\/\/www.heinselmaenner.de\/?page_id=14","title":{"rendered":"\u00dcber uns"},"content":{"rendered":"<p>[vc_row css_animation=&#8220;&#8220; row_type=&#8220;row&#8220; use_row_as_full_screen_section=&#8220;no&#8220; type=&#8220;full_width&#8220; angled_section=&#8220;no&#8220; text_align=&#8220;left&#8220; background_image_as_pattern=&#8220;without_pattern&#8220; css=&#8220;.vc_custom_1645098804764{margin-bottom: 100px !important;padding-bottom: 20px !important;}&#8220; z_index=&#8220;&#8220;][vc_column width=&#8220;5\/6&#8243; offset=&#8220;vc_col-md-offset-1 vc_col-md-6 vc_col-sm-offset-1&#8243;][vc_column_text css=&#8220;.vc_custom_1645542635191{margin-bottom: 30px !important;}&#8220;]<\/p>\n<p style=\"text-align: justify;\">Wie kann ein Unternehmen direkt vor Ort sein, bed\u00fcrftigen Menschen in seiner Region helfen und sich damit noch mehr lokal verwurzeln? Diese Frage trieb die Gr\u00fcnder der sozialen Initiative \u201eDie HEiNSelm\u00e4nner e.V.\u201d im Mai 2010 an. Seitdem existiert dieser, aus dem Kommunikationssystemhaus NetAachen GmbH heraus gegr\u00fcndete, wohlt\u00e4tige Verein mit der Zielsetzung, unverschuldet in Not geratenen Menschen im Raum Heinsberg zu helfen.<\/p>\n<p>[\/vc_column_text][vc_column_text css=&#8220;.vc_custom_1646231409476{margin-bottom: 30px !important;}&#8220;]<\/p>\n<h3>HEiNSELm\u00e4nner?<\/h3>\n<p style=\"text-align: justify;\">\u201eDie HEiNSelm\u00e4nner e.V.\u201d sehen sich als Netzwerk und als eine M\u00f6glichkeit, z\u00fcgig und unkompliziert Hilfe bei bed\u00fcrftigen Menschen in der Region \u201eHS\u201d leisten zu k\u00f6nnen, vor allem dann, wenn andere Quellen zuvor versiegten. Aus dem regionalen Charakter ihres Unternehmens erw\u00e4chst f\u00fcr die drei Vertreter der NetAachen GmbH im Verein der HEiNselm\u00e4nner e.V., Andreas Schneider, Dr.Wilfried Boms und Johannes Bartz, auch eine besondere Verbundenheit zu der Region und ihren Menschen, in denen NetAachen seine Dienstleistungen anbietet. \u201eWir f\u00fchlen uns der Region verbunden und m\u00f6chten dazu beitragen, dass das Leben hier f\u00fcr die Menschen attraktiv ist. Daher unterst\u00fctzen wir Vereine und Institutionen, die ohne finanzielle Hilfe ihre wertvolle Arbeit nicht machen k\u00f6nnten\u201d, beschreiben die drei ihr Engagement.<br \/>\nDer eing\u00e4ngige Name \u201eHEiNSelm\u00e4nner\u201d setzt sich zusammen aus dem Namen der Region Heinsberg und dem Verweis auf die Sage der Heinzelm\u00e4nner, die ebenfalls ihr Werk im Hintergrund verrichten, mit einem positiven Ergebnis f\u00fcr diejenigen, denen sie geholfen haben.<\/p>\n<p>[\/vc_column_text][vc_row_inner row_type=&#8220;row&#8220; type=&#8220;full_width&#8220; text_align=&#8220;left&#8220; css_animation=&#8220;&#8220;][vc_column_inner css=&#8220;.vc_custom_1646310953200{margin-bottom: 30px !important;border-top-width: 2px !important;border-right-width: 2px !important;border-bottom-width: 2px !important;border-left-width: 2px !important;padding-top: 10px !important;padding-bottom: 10px !important;border-left-color: #ff8c82 !important;border-right-color: #ff8c82 !important;border-top-color: #ff8c82 !important;border-bottom-color: #ff8c82 !important;border-radius: 10px !important;}&#8220; offset=&#8220;vc_hidden-lg vc_hidden-md&#8220;][vc_column_text]<\/p>\n<h3 style=\"text-align: center;\">Die Gr\u00fcnder<\/h3>\n<p>[\/vc_column_text][qode_content_slider enable_drag=&#8220;yes&#8220; direction_nav=&#8220;yes&#8220; control_nav=&#8220;yes&#8220; pause_on_hover=&#8220;yes&#8220;][qode_content_slider_item]<div class=\"image_with_text\"><img decoding=\"async\" itemprop=\"image\" src=\"https:\/\/www.heinselmaenner.de\/wp-content\/uploads\/2022\/03\/UeberUns_StephanPusch.jpg\" alt=\"\" \/><h3 ><\/h3><span style=\"margin: 6px 0px;\" class=\"separator transparent\"><\/span><em>&#8222;Mitgef\u00fchl und Solidarit\u00e4t sind wichtige Werte, die wir nicht nur kennen, sondern leben sollten. Daher m\u00f6chte ich dazu aufrufen, die Schw\u00e4cheren unterzuhaken, Hilfe zu leisten und zu spenden \u2013 hier vor Ort, f\u00fcr unsere Mitmenschen im Kreis Heinsberg.&#8220;<\/em><\/p>\n<p>&#8211; Stephan Pusch, Vorstandsmitglied<br \/>\n<\/div>[\/qode_content_slider_item][qode_content_slider_item]<div class=\"image_with_text\"><img decoding=\"async\" itemprop=\"image\" src=\"https:\/\/www.heinselmaenner.de\/wp-content\/uploads\/2022\/03\/UerbeUns_Wilfried.jpg\" alt=\"\" \/><h3 ><\/h3><span style=\"margin: 6px 0px;\" class=\"separator transparent\"><\/span><em>\u201eWir f\u00fchlen uns der Region verbunden und m\u00f6chten dazu beitragen, dass das Leben hier f\u00fcr die Menschen attraktiv ist.\u201d<\/em><\/p>\n<p>&#8211; Dr. Wilfried Boms, Vorstandsmitglied<br \/>\n<\/div>[\/qode_content_slider_item][qode_content_slider_item]<div class=\"image_with_text\"><img decoding=\"async\" itemprop=\"image\" src=\"https:\/\/www.heinselmaenner.de\/wp-content\/uploads\/2022\/03\/UeberUns_Johannes.jpg\" alt=\"\" \/><h3 ><\/h3><span style=\"margin: 6px 0px;\" class=\"separator transparent\"><\/span><em>\u201eZiel der HEiNSelm\u00e4nner ist es, dass Hilfe schnell und direkt dort ankommt, wo sie im Raum Heinsberg ben\u00f6tigt wird.\u201d\u00a0<\/em><\/p>\n<p>&#8211; Johannes Bartz, Vorstandsmitglied<\/div>[\/qode_content_slider_item][qode_content_slider_item]<div class=\"image_with_text\"><img decoding=\"async\" itemprop=\"image\" src=\"https:\/\/www.heinselmaenner.de\/wp-content\/uploads\/2022\/03\/UerberUns_Andreas.jpg\" alt=\"\" \/><h3 ><\/h3><span style=\"margin: 6px 0px;\" class=\"separator transparent\"><\/span><em>\u201cWer sich im Raum Heinsberg f\u00fcr die Leistungen von NetAachen entscheidet, unterst\u00fctzt damit die HEiNSelm\u00e4nner, getreu dem Motto \u201caus der Region, f\u00fcr die Region\u201d <\/em><\/p>\n<p>&#8211; Andreas Schneider, Mitgr\u00fcnder<\/div>[\/qode_content_slider_item][\/qode_content_slider][\/vc_column_inner][\/vc_row_inner][vc_column_text css=&#8220;.vc_custom_1646919513145{margin-bottom: 30px !important;}&#8220;]<\/p>\n<p style=\"text-align: center; background: #91d7fb9d; padding: 10px; font-family: 'Graphie', Arial, sans-serif; font-size: 18px; font-weight: 500; margin: 10px 0;\">NetAachen spendet f\u00fcr jeden abgeschlossenen Neuvertrag<br \/>\nim Kreis Heinsberg 10 \u20ac an die HEiNSELm\u00e4nner.<\/p>\n<p>&nbsp;<\/p>\n<p style=\"text-align: justify;\">Geplant ist aktuell die Unterst\u00fctzung von f\u00fcnf bis sechs Projekten pro Jahr. Die Entscheidung \u00fcber die konkrete Hilfsleistung im Einzelfall trifft dann ein Gremium aus Vertretern des Vereins, deren Ziel es ist, diesen Entscheidungsprozess rasch und mit dem geringstm\u00f6glichen b\u00fcrokratischen Aufwand f\u00fcr die Hilfesuchenden zu vollziehen. Die HEiNSelm\u00e4nner e.V. sind stolz auf die Spendensumme von \u00fcber 100.000 \u20ac, die seit der Gr\u00fcndung eingeholt und f\u00fcr wohlt\u00e4tige Zwecke aller Art eingesetzt werden konnte. Beispiele w\u00e4ren die Hilfe nach Br\u00e4nden, die Mitfinanzierung behindertengerechter Fahrzeuge oder \u00d6l- und Brikettlieferungen.<\/p>\n<p>[\/vc_column_text][vc_column_text]<\/p>\n<h3>Aus der Region, f\u00fcr die Region<\/h3>\n<p style=\"text-align: justify;\">Auch im Zuge des Wiederaufbaus nach der Hochwasserkatastrophe im Juli 2021, bei der auch der Kreis Heinsberg teilweise betroffen war, konnte Betroffenen im Rahmen der Initiative geholfen werden. \u201eAus der Region f\u00fcr die Region\u201c ist schon lange ein Motto der NetAachen und damit stellt eine solche Initiative eine konkrete Umsetzung dieses Ziels auch im sozialen Miteinander dar. \u201eWer sich f\u00fcr die NetAachen als Telekommunikations-Partner entscheidet, erh\u00e4lt nicht nur ausgezeichneten Service und neueste Technik, sondern unterst\u00fctzt gleichzeitig seine Region\u201c, unterstreicht Andreas Schneider schlie\u00dflich diesen Einsatz seines Unternehmens verbunden mit den HEiNSelm\u00e4nnern e.V. Wie sieht dies konkret aus? F\u00fcr jeden neuen Kunden aus dem Kreis Heinsberg, der sich f\u00fcr die Telekommunikations- und IT- Dienste der NetAachen entscheidet, spendet die NetAachen anteilig je Neuvertrag zehn Euro in den F\u00f6rdermitteltopf des Vereins. So kann letztendlich jeder und jede aus dem Kreis einen kleinen Beitrag leisten, sodass Menschen auch in schweren Zeiten zusammenstehen und einander helfen k\u00f6nnen.<\/p>\n<p>[\/vc_column_text][\/vc_column][vc_column css_animation=&#8220;none&#8220; width=&#8220;5\/6&#8243; offset=&#8220;vc_col-md-offset-1 vc_col-md-4 vc_hidden-sm vc_hidden-xs&#8220; css=&#8220;.vc_custom_1646235564771{margin-top: 8px !important;margin-bottom: 60px !important;}&#8220;]<div class=\"image_with_text\"><img decoding=\"async\" itemprop=\"image\" src=\"https:\/\/www.heinselmaenner.de\/wp-content\/uploads\/2022\/03\/UeberUns_StephanPusch.jpg\" alt=\"\" \/><h3 ><\/h3><span style=\"margin: 6px 0px;\" class=\"separator transparent\"><\/span><em>\u201eMitgef\u00fchl und Solidarit\u00e4t sind wichtige Werte, die wir nicht nur kennen, sondern leben sollten. Daher m\u00f6chte ich dazu aufrufen, die Schw\u00e4cheren unterzuhaken, Hilfe zu leisten und zu spenden \u2013 hier vor Ort, f\u00fcr unsere Mitmenschen im Kreis Heinsberg.&#8220;<\/em><\/p>\n<p>&#8211; Stephan Pusch, Vorstandsmitglied<\/p>\n<p><em>\u00a0<\/em><\/div><div class=\"image_with_text\"><img decoding=\"async\" itemprop=\"image\" src=\"https:\/\/www.heinselmaenner.de\/wp-content\/uploads\/2022\/03\/UerbeUns_Wilfried.jpg\" alt=\"\" \/><h3 ><\/h3><span style=\"margin: 6px 0px;\" class=\"separator transparent\"><\/span><em>\u201eWir f\u00fchlen uns der Region verbunden und m\u00f6chten dazu beitragen, dass das Leben hier f\u00fcr die Menschen attraktiv ist.\u201d<\/em><\/p>\n<p>&#8211; Dr. Wilfried Boms, Vorstandsmitglied<\/p>\n<p><em>\u00a0<\/em><\/div><div class=\"image_with_text\"><img decoding=\"async\" itemprop=\"image\" src=\"https:\/\/www.heinselmaenner.de\/wp-content\/uploads\/2022\/03\/UeberUns_Johannes.jpg\" alt=\"\" \/><h3 ><\/h3><span style=\"margin: 6px 0px;\" class=\"separator transparent\"><\/span><em>\u201eZiel der HEiNSelm\u00e4nner ist es, dass Hilfe schnell und direkt dort ankommt, wo sie im Raum Heinsberg ben\u00f6tigt wird.\u201d\u00a0<\/em><\/p>\n<p>&#8211; Johannes Bartz, Vorstandsmitglied<\/p>\n<p><em>\u00a0<\/em><\/div><div class=\"image_with_text\"><img decoding=\"async\" itemprop=\"image\" src=\"https:\/\/www.heinselmaenner.de\/wp-content\/uploads\/2022\/03\/UerberUns_Andreas.jpg\" alt=\"\" \/><h3 ><\/h3><span style=\"margin: 6px 0px;\" class=\"separator transparent\"><\/span><em>\u201eWer sich im Raum Heinsberg f\u00fcr die Leistungen von NetAachen entscheidet, unterst\u00fctzt damit die HEiNSelm\u00e4nner, getreu dem Motto, aus der Region, f\u00fcr die Region.\u201d <\/em><\/p>\n<p>&#8211; Andreas Schneider, Mitgr\u00fcnder<\/div>[\/vc_column][\/vc_row]<\/p>\n","protected":false},"excerpt":{"rendered":"<p>[vc_row css_animation=&#8220;&#8220; row_type=&#8220;row&#8220; use_row_as_full_screen_section=&#8220;no&#8220; type=&#8220;full_width&#8220; angled_section=&#8220;no&#8220; text_align=&#8220;left&#8220; background_image_as_pattern=&#8220;without_pattern&#8220; css=&#8220;.vc_custom_1645098804764{margin-bottom: 100px !important;padding-bottom: 20px !important;}&#8220; z_index=&#8220;&#8220;][vc_column width=&#8220;5\/6&#8243; offset=&#8220;vc_col-md-offset-1 vc_col-md-6 vc_col-sm-offset-1&#8243;][vc_column_text css=&#8220;.vc_custom_1645542635191{margin-bottom: 30px !important;}&#8220;] Wie kann ein Unternehmen direkt vor Ort sein, bed\u00fcrftigen Menschen in seiner Region helfen und sich damit noch mehr lokal verwurzeln? Diese Frage trieb&#8230;<\/p>\n","protected":false},"author":1,"featured_media":0,"parent":0,"menu_order":0,"comment_status":"closed","ping_status":"closed","template":"","meta":{"footnotes":""},"class_list":["post-14","page","type-page","status-publish","hentry"],"_links":{"self":[{"href":"https:\/\/www.heinselmaenner.de\/index.php?rest_route=\/wp\/v2\/pages\/14","targetHints":{"allow":["GET"]}}],"collection":[{"href":"https:\/\/www.heinselmaenner.de\/index.php?rest_route=\/wp\/v2\/pages"}],"about":[{"href":"https:\/\/www.heinselmaenner.de\/index.php?rest_route=\/wp\/v2\/types\/page"}],"author":[{"embeddable":true,"href":"https:\/\/www.heinselmaenner.de\/index.php?rest_route=\/wp\/v2\/users\/1"}],"replies":[{"embeddable":true,"href":"https:\/\/www.heinselmaenner.de\/index.php?rest_route=%2Fwp%2Fv2%2Fcomments&post=14"}],"version-history":[{"count":35,"href":"https:\/\/www.heinselmaenner.de\/index.php?rest_route=\/wp\/v2\/pages\/14\/revisions"}],"predecessor-version":[{"id":556,"href":"https:\/\/www.heinselmaenner.de\/index.php?rest_route=\/wp\/v2\/pages\/14\/revisions\/556"}],"wp:attachment":[{"href":"https:\/\/www.heinselmaenner.de\/index.php?rest_route=%2Fwp%2Fv2%2Fmedia&parent=14"}],"curies":[{"name":"wp","href":"https:\/\/api.w.org\/{rel}","templated":true}]}}

Über uns

<p>[vc_row css_animation=&#8220;&#8220; row_type=&#8220;row&#8220; use_row_as_full_screen_section=&#8220;no&#8220; type=&#8220;full_width&#8220; angled_section=&#8220;no&#8220; text_align=&#8220;left&#8220; background_image_as_pattern=&#8220;without_pattern&#8220; css=&#8220;.vc_custom_1645098804764{margin-bottom: 100px !important;padding-bottom: 20px !important;}&#8220; z_index=&#8220;&#8220;][vc_column width=&#8220;5/6&#8243; offset=&#8220;vc_col-md-offset-1 vc_col-md-6 vc_col-sm-offset-1&#8243;][vc_column_text css=&#8220;.vc_custom_1645542635191{margin-bottom: 30px !important;}&#8220;]</p>
<p style="text-align: justify;">Wie kann ein Unternehmen direkt vor Ort sein, bedürftigen Menschen in seiner Region helfen und sich damit noch mehr lokal verwurzeln? Diese Frage trieb die Gründer der sozialen Initiative „Die HEiNSelmänner e.V.” im Mai 2010 an. Seitdem existiert dieser, aus dem Kommunikationssystemhaus NetAachen GmbH heraus gegründete, wohltätige Verein mit der Zielsetzung, unverschuldet in Not geratenen Menschen im Raum Heinsberg zu helfen.</p>
<p>[/vc_column_text][vc_column_text css=&#8220;.vc_custom_1646231409476{margin-bottom: 30px !important;}&#8220;]</p>
<h3>HEiNSELmänner?</h3>
<p style="text-align: justify;">„Die HEiNSelmänner e.V.” sehen sich als Netzwerk und als eine Möglichkeit, zügig und unkompliziert Hilfe bei bedürftigen Menschen in der Region „HS” leisten zu können, vor allem dann, wenn andere Quellen zuvor versiegten. Aus dem regionalen Charakter ihres Unternehmens erwächst für die drei Vertreter der NetAachen GmbH im Verein der HEiNselmänner e.V., Andreas Schneider, Dr.Wilfried Boms und Johannes Bartz, auch eine besondere Verbundenheit zu der Region und ihren Menschen, in denen NetAachen seine Dienstleistungen anbietet. „Wir fühlen uns der Region verbunden und möchten dazu beitragen, dass das Leben hier für die Menschen attraktiv ist. Daher unterstützen wir Vereine und Institutionen, die ohne finanzielle Hilfe ihre wertvolle Arbeit nicht machen könnten”, beschreiben die drei ihr Engagement.<br />
Der eingängige Name „HEiNSelmänner” setzt sich zusammen aus dem Namen der Region Heinsberg und dem Verweis auf die Sage der Heinzelmänner, die ebenfalls ihr Werk im Hintergrund verrichten, mit einem positiven Ergebnis für diejenigen, denen sie geholfen haben.</p>
<p>[/vc_column_text][vc_row_inner row_type=&#8220;row&#8220; type=&#8220;full_width&#8220; text_align=&#8220;left&#8220; css_animation=&#8220;&#8220;][vc_column_inner css=&#8220;.vc_custom_1646310953200{margin-bottom: 30px !important;border-top-width: 2px !important;border-right-width: 2px !important;border-bottom-width: 2px !important;border-left-width: 2px !important;padding-top: 10px !important;padding-bottom: 10px !important;border-left-color: #ff8c82 !important;border-right-color: #ff8c82 !important;border-top-color: #ff8c82 !important;border-bottom-color: #ff8c82 !important;border-radius: 10px !important;}&#8220; offset=&#8220;vc_hidden-lg vc_hidden-md&#8220;][vc_column_text]</p>
<h3 style="text-align: center;">Die Gründer</h3>
<p>[/vc_column_text][qode_content_slider enable_drag=&#8220;yes&#8220; direction_nav=&#8220;yes&#8220; control_nav=&#8220;yes&#8220; pause_on_hover=&#8220;yes&#8220;][qode_content_slider_item]<div class="image_with_text"><img decoding="async" itemprop="image" src="https://www.heinselmaenner.de/wp-content/uploads/2022/03/UeberUns_StephanPusch.jpg" alt="" /><h3 ></h3><span style="margin: 6px 0px;" class="separator transparent"></span><em>&#8222;Mitgefühl und Solidarität sind wichtige Werte, die wir nicht nur kennen, sondern leben sollten. Daher möchte ich dazu aufrufen, die Schwächeren unterzuhaken, Hilfe zu leisten und zu spenden – hier vor Ort, für unsere Mitmenschen im Kreis Heinsberg.&#8220;</em></p>
<p>&#8211; Stephan Pusch, Vorstandsmitglied<br />
</div>[/qode_content_slider_item][qode_content_slider_item]<div class="image_with_text"><img decoding="async" itemprop="image" src="https://www.heinselmaenner.de/wp-content/uploads/2022/03/UerbeUns_Wilfried.jpg" alt="" /><h3 ></h3><span style="margin: 6px 0px;" class="separator transparent"></span><em>„Wir fühlen uns der Region verbunden und möchten dazu beitragen, dass das Leben hier für die Menschen attraktiv ist.”</em></p>
<p>&#8211; Dr. Wilfried Boms, Vorstandsmitglied<br />
</div>[/qode_content_slider_item][qode_content_slider_item]<div class="image_with_text"><img decoding="async" itemprop="image" src="https://www.heinselmaenner.de/wp-content/uploads/2022/03/UeberUns_Johannes.jpg" alt="" /><h3 ></h3><span style="margin: 6px 0px;" class="separator transparent"></span><em>„Ziel der HEiNSelmänner ist es, dass Hilfe schnell und direkt dort ankommt, wo sie im Raum Heinsberg benötigt wird.” </em></p>
<p>&#8211; Johannes Bartz, Vorstandsmitglied</div>[/qode_content_slider_item][qode_content_slider_item]<div class="image_with_text"><img decoding="async" itemprop="image" src="https://www.heinselmaenner.de/wp-content/uploads/2022/03/UerberUns_Andreas.jpg" alt="" /><h3 ></h3><span style="margin: 6px 0px;" class="separator transparent"></span><em>“Wer sich im Raum Heinsberg für die Leistungen von NetAachen entscheidet, unterstützt damit die HEiNSelmänner, getreu dem Motto “aus der Region, für die Region” </em></p>
<p>&#8211; Andreas Schneider, Mitgründer</div>[/qode_content_slider_item][/qode_content_slider][/vc_column_inner][/vc_row_inner][vc_column_text css=&#8220;.vc_custom_1646919513145{margin-bottom: 30px !important;}&#8220;]</p>
<p style="text-align: center; background: #91d7fb9d; padding: 10px; font-family: 'Graphie', Arial, sans-serif; font-size: 18px; font-weight: 500; margin: 10px 0;">NetAachen spendet für jeden abgeschlossenen Neuvertrag<br />
im Kreis Heinsberg 10 € an die HEiNSELmänner.</p>
<p>&nbsp;</p>
<p style="text-align: justify;">Geplant ist aktuell die Unterstützung von fünf bis sechs Projekten pro Jahr. Die Entscheidung über die konkrete Hilfsleistung im Einzelfall trifft dann ein Gremium aus Vertretern des Vereins, deren Ziel es ist, diesen Entscheidungsprozess rasch und mit dem geringstmöglichen bürokratischen Aufwand für die Hilfesuchenden zu vollziehen. Die HEiNSelmänner e.V. sind stolz auf die Spendensumme von über 100.000 €, die seit der Gründung eingeholt und für wohltätige Zwecke aller Art eingesetzt werden konnte. Beispiele wären die Hilfe nach Bränden, die Mitfinanzierung behindertengerechter Fahrzeuge oder Öl- und Brikettlieferungen.</p>
<p>[/vc_column_text][vc_column_text]</p>
<h3>Aus der Region, für die Region</h3>
<p style="text-align: justify;">Auch im Zuge des Wiederaufbaus nach der Hochwasserkatastrophe im Juli 2021, bei der auch der Kreis Heinsberg teilweise betroffen war, konnte Betroffenen im Rahmen der Initiative geholfen werden. „Aus der Region für die Region“ ist schon lange ein Motto der NetAachen und damit stellt eine solche Initiative eine konkrete Umsetzung dieses Ziels auch im sozialen Miteinander dar. „Wer sich für die NetAachen als Telekommunikations-Partner entscheidet, erhält nicht nur ausgezeichneten Service und neueste Technik, sondern unterstützt gleichzeitig seine Region“, unterstreicht Andreas Schneider schließlich diesen Einsatz seines Unternehmens verbunden mit den HEiNSelmännern e.V. Wie sieht dies konkret aus? Für jeden neuen Kunden aus dem Kreis Heinsberg, der sich für die Telekommunikations- und IT- Dienste der NetAachen entscheidet, spendet die NetAachen anteilig je Neuvertrag zehn Euro in den Fördermitteltopf des Vereins. So kann letztendlich jeder und jede aus dem Kreis einen kleinen Beitrag leisten, sodass Menschen auch in schweren Zeiten zusammenstehen und einander helfen können.</p>
<p>[/vc_column_text][/vc_column][vc_column css_animation=&#8220;none&#8220; width=&#8220;5/6&#8243; offset=&#8220;vc_col-md-offset-1 vc_col-md-4 vc_hidden-sm vc_hidden-xs&#8220; css=&#8220;.vc_custom_1646235564771{margin-top: 8px !important;margin-bottom: 60px !important;}&#8220;]<div class="image_with_text"><img decoding="async" itemprop="image" src="https://www.heinselmaenner.de/wp-content/uploads/2022/03/UeberUns_StephanPusch.jpg" alt="" /><h3 ></h3><span style="margin: 6px 0px;" class="separator transparent"></span><em>„Mitgefühl und Solidarität sind wichtige Werte, die wir nicht nur kennen, sondern leben sollten. Daher möchte ich dazu aufrufen, die Schwächeren unterzuhaken, Hilfe zu leisten und zu spenden – hier vor Ort, für unsere Mitmenschen im Kreis Heinsberg.&#8220;</em></p>
<p>&#8211; Stephan Pusch, Vorstandsmitglied</p>
<p><em> </em></div><div class="image_with_text"><img decoding="async" itemprop="image" src="https://www.heinselmaenner.de/wp-content/uploads/2022/03/UerbeUns_Wilfried.jpg" alt="" /><h3 ></h3><span style="margin: 6px 0px;" class="separator transparent"></span><em>„Wir fühlen uns der Region verbunden und möchten dazu beitragen, dass das Leben hier für die Menschen attraktiv ist.”</em></p>
<p>&#8211; Dr. Wilfried Boms, Vorstandsmitglied</p>
<p><em> </em></div><div class="image_with_text"><img decoding="async" itemprop="image" src="https://www.heinselmaenner.de/wp-content/uploads/2022/03/UeberUns_Johannes.jpg" alt="" /><h3 ></h3><span style="margin: 6px 0px;" class="separator transparent"></span><em>„Ziel der HEiNSelmänner ist es, dass Hilfe schnell und direkt dort ankommt, wo sie im Raum Heinsberg benötigt wird.” </em></p>
<p>&#8211; Johannes Bartz, Vorstandsmitglied</p>
<p><em> </em></div><div class="image_with_text"><img decoding="async" itemprop="image" src="https://www.heinselmaenner.de/wp-content/uploads/2022/03/UerberUns_Andreas.jpg" alt="" /><h3 ></h3><span style="margin: 6px 0px;" class="separator transparent"></span><em>„Wer sich im Raum Heinsberg für die Leistungen von NetAachen entscheidet, unterstützt damit die HEiNSelmänner, getreu dem Motto, aus der Region, für die Region.” </em></p>
<p>&#8211; Andreas Schneider, Mitgründer</div>[/vc_column][/vc_row]</p>

<p>[vc_row css_animation=&#8220;&#8220; row_type=&#8220;row&#8220; use_row_as_full_screen_section=&#8220;no&#8220; type=&#8220;full_width&#8220; angled_section=&#8220;no&#8220; text_align=&#8220;left&#8220; background_image_as_pattern=&#8220;without_pattern&#8220; css=&#8220;.vc_custom_1645098804764{margin-bottom: 100px !important;padding-bottom: 20px !important;}&#8220; z_index=&#8220;&#8220;][vc_column width=&#8220;5/6&#8243; offset=&#8220;vc_col-md-offset-1 vc_col-md-6 vc_col-sm-offset-1&#8243;][vc_column_text css=&#8220;.vc_custom_1645542635191{margin-bottom: 30px !important;}&#8220;] Wie kann ein Unternehmen direkt vor Ort sein, bedürftigen Menschen in seiner Region helfen und sich damit noch mehr lokal verwurzeln? Diese Frage trieb&#8230;</p>
