{"id":8,"date":"2022-01-03T16:13:12","date_gmt":"2022-01-03T15:13:12","guid":{"rendered":"https:\/\/www-test.heinselmaenner.de\/?page_id=8"},"modified":"2022-04-04T14:07:40","modified_gmt":"2022-04-04T12:07:40","slug":"start","status":"publish","type":"page","link":"https:\/\/www.heinselmaenner.de\/","title":{"rendered":"Start"},"content":{"rendered":"<p>[vc_row css_animation=&#8220;&#8220; row_type=&#8220;row&#8220; use_row_as_full_screen_section=&#8220;yes&#8220; type=&#8220;grid&#8220; angled_section=&#8220;no&#8220; text_align=&#8220;center&#8220; background_image_as_pattern=&#8220;without_pattern&#8220; z_index=&#8220;&#8220;][vc_column]\n\t\t\t<!-- START StartHeader REVOLUTION SLIDER 6.5.31 --><p class=\"rs-p-wp-fix\"><\/p>\n\t\t\t<rs-module-wrap id=\"rev_slider_2_1_wrapper\" data-source=\"gallery\" style=\"visibility:hidden;background:transparent;padding:0;margin:0px auto;margin-top:0;margin-bottom:0;\">\n\t\t\t\t<rs-module id=\"rev_slider_2_1\" style=\"\" data-version=\"6.5.31\">\n\t\t\t\t\t<rs-slides>\n\t\t\t\t\t\t<rs-slide style=\"position: absolute;\" data-key=\"rs-6\" data-title=\"Slide\"data-sba=\"b:true;\" data-anim=\"adpr:false;\" data-in=\"o:0;\" data-out=\"a:false;\">\n\t\t\t\t\t\t\t<img decoding=\"async\" src=\"\/\/www.heinselmaenner.de\/wp-content\/plugins\/revslider\/public\/assets\/assets\/dummy.png\" alt=\"Zwei blaue Handabdr\u00fccke mit Fingerfarbe.\" title=\"Heinselmaenner_Header@2000_blau\" width=\"2000\" height=\"1333\" class=\"rev-slidebg tp-rs-img rs-lazyload\" data-lazyload=\"\/\/www.heinselmaenner.de\/wp-content\/uploads\/2022\/02\/Heinselmaenner_Header@2000_blau.jpg\" data-parallax=\"1\" data-no-retina>\n<!--\n\t\t\t\t\t\t\t--><rs-layer\n\t\t\t\t\t\t\t\tid=\"slider-2-slide-6-layer-0\" \n\t\t\t\t\t\t\t\tdata-type=\"text\"\n\t\t\t\t\t\t\t\tdata-rsp_ch=\"on\"\n\t\t\t\t\t\t\t\tdata-xy=\"xo:80px,66px,58px,27px;yo:78px,64px,162px,142px;\"\n\t\t\t\t\t\t\t\tdata-text=\"w:normal;s:20,16,20,20;l:25,20,15,7;\"\n\t\t\t\t\t\t\t\tdata-frame_0=\"x:-500px,-412px,-313px,-152px;y:0,0,0,0px;\"\n\t\t\t\t\t\t\t\tdata-frame_1=\"x:0,0,0,0px;y:0,0,0,0px;st:440;sp:500;sR:440;\"\n\t\t\t\t\t\t\t\tdata-frame_999=\"o:0;st:w;sR:8060;\"\n\t\t\t\t\t\t\t\tstyle=\"z-index:8;font-family:'Arial Black', 'Gadget', 'sans-serif';\"\n\t\t\t\t\t\t\t><h1 style=\"color: white;\">Unsere Hilfe kommt an<\/h1> \n\t\t\t\t\t\t\t<\/rs-layer><!--\n\n\t\t\t\t\t\t\t--><rs-layer\n\t\t\t\t\t\t\t\tid=\"slider-2-slide-6-layer-1\" \n\t\t\t\t\t\t\t\tdata-type=\"text\"\n\t\t\t\t\t\t\t\tdata-rsp_ch=\"on\"\n\t\t\t\t\t\t\t\tdata-xy=\"xo:81px,67px,58px,27px;yo:197px,145px,249px,228px;\"\n\t\t\t\t\t\t\t\tdata-text=\"w:normal;s:18,18,20,20;l:25,25,20,20;\"\n\t\t\t\t\t\t\t\tdata-dim=\"w:571px,598px,460px,352px;h:auto,auto,153px,204px;\"\n\t\t\t\t\t\t\t\tdata-frame_0=\"x:-500px,-523px,-441px,-296px;y:0,0px,0px,0px;\"\n\t\t\t\t\t\t\t\tdata-frame_1=\"x:0,0px,0px,0px;y:0,0px,0px,0px;st:730;sp:500;sR:730;\"\n\t\t\t\t\t\t\t\tdata-frame_999=\"o:0;st:w;sR:7770;\"\n\t\t\t\t\t\t\t\tstyle=\"z-index:9;font-family:'Arial', 'Helvetica', 'sans-serif';\"\n\t\t\t\t\t\t\t>Herzlich Willkommen bei Die HEiNSelm\u00e4nner e.V.! <br \/>\n<br \/>\nErfahren Sie hier, wof\u00fcr die HEiNSelm\u00e4nner  stehen, wie sie, in Not geratenen Menschen helfen und wie auch Sie mit einer Spende unverschuldet in Not geratene Menschen in der Region Heinsberg helfen k\u00f6nnen.   \n\t\t\t\t\t\t\t<\/rs-layer><!--\n\n\t\t\t\t\t\t\t--><rs-layer\n\t\t\t\t\t\t\t\tid=\"slider-2-slide-6-layer-2\" \n\t\t\t\t\t\t\t\tclass=\"rev-scroll-btn rev-b-span-dark\"\n\t\t\t\t\t\t\t\tdata-type=\"button\"\n\t\t\t\t\t\t\t\tdata-xy=\"x:c;yo:514px,514px,862px,862px;\"\n\t\t\t\t\t\t\t\tdata-text=\"w:normal;s:17;l:20;ls:1;\"\n\t\t\t\t\t\t\t\tdata-dim=\"w:35px;h:55px;minw:35px,none,none,none;minh:55px,none,none,none;\"\n\t\t\t\t\t\t\t\tdata-actions='o:click;a:scrollbelow;offset:-60px;sp:1000ms;e:power1.inOut;'\n\t\t\t\t\t\t\t\tdata-rsp_o=\"off\"\n\t\t\t\t\t\t\t\tdata-rsp_bd=\"off\"\n\t\t\t\t\t\t\t\tdata-padding=\"t:22;r:14;b:22;l:14;\"\n\t\t\t\t\t\t\t\tdata-border=\"bos:solid;boc:rgba(255,255,255,0.75);bow:3px,3px,3px,3px;bor:23px,23px,23px,23px;\"\n\t\t\t\t\t\t\t\tdata-frame_999=\"o:0;st:w;\"\n\t\t\t\t\t\t\t\tstyle=\"z-index:12;background-color:#ffffff;font-family:'Arial', 'Helvetica', 'sans-serif';text-transform:uppercase;\"\n\t\t\t\t\t\t\t><span><\/span><span><\/span><span><\/span> \n\t\t\t\t\t\t\t<\/rs-layer><!--\n\n\t\t\t\t\t\t\t--><a\n\t\t\t\t\t\t\t\tid=\"slider-2-slide-6-layer-3\" \n\t\t\t\t\t\t\t\tclass=\"rs-layer rev-btn\"\n\t\t\t\t\t\t\t\thref=\"\/?page_id=14\" target=\"_self\"\n\t\t\t\t\t\t\t\tdata-type=\"button\"\n\t\t\t\t\t\t\t\tdata-rsp_ch=\"on\"\n\t\t\t\t\t\t\t\tdata-xy=\"x:c;xo:-445px,-367px,-236px,-122px;yo:393px,323px,424px,476px;\"\n\t\t\t\t\t\t\t\tdata-text=\"w:normal;s:20,16,20,20;l:40,33,33,31;fw:800;a:center;\"\n\t\t\t\t\t\t\t\tdata-dim=\"w:191px,157px,185px,180px;h:45.2px,37px,39.599999999999994px,38px;minh:0px,none,none,none;\"\n\t\t\t\t\t\t\t\tdata-padding=\"r:25,21,18,12;l:25,21,18,12;\"\n\t\t\t\t\t\t\t\tdata-border=\"bos:solid;boc:#ff8c82;bow:3px,3px,3px,3px;bor:10px,10px,10px,10px;\"\n\t\t\t\t\t\t\t\tdata-frame_0=\"x:-500px,-412px,-347px,-237px;y:0,0,0px,0px;\"\n\t\t\t\t\t\t\t\tdata-frame_1=\"y:0,0,0px,0px;st:990;sp:500;sR:990;\"\n\t\t\t\t\t\t\t\tdata-frame_999=\"o:0;st:w;sR:7510;\"\n\t\t\t\t\t\t\t\tdata-frame_hover=\"bgc:rgba(255,140,130,0);boc:#ff8c82;bor:10px,10px,10px,10px;bos:solid;bow:3px,3px,3px,3px;e:power1.inOut;blu:0px;\"\n\t\t\t\t\t\t\t\tstyle=\"z-index:11;background-color:#ff8c82;font-family:'Arial Black', 'Gadget', 'sans-serif';\"\n\t\t\t\t\t\t\t><span style=\"font-family: Graphie, Arial Black, sans-serif; font-weight:800;\">Mehr erfahren<\/span> \n\t\t\t\t\t\t\t<\/a><!--\n-->\t\t\t\t\t\t<\/rs-slide>\n\t\t\t\t\t<\/rs-slides>\n\t\t\t\t<\/rs-module>\n\t\t\t\t<script>\n\t\t\t\t\tsetREVStartSize({c: 'rev_slider_2_1',rl:[1240,1024,778,480],el:[650,768,960,720],gw:[1240,1024,778,480],gh:[650,768,960,720],type:'standard',justify:'',layout:'fullwidth',mh:\"0\"});if (window.RS_MODULES!==undefined && window.RS_MODULES.modules!==undefined && window.RS_MODULES.modules[\"revslider21\"]!==undefined) {window.RS_MODULES.modules[\"revslider21\"].once = false;window.revapi2 = undefined;if (window.RS_MODULES.checkMinimal!==undefined) window.RS_MODULES.checkMinimal()}\n\t\t\t\t<\/script>\n\t\t\t<\/rs-module-wrap>\n\t\t\t<!-- END REVOLUTION SLIDER -->\n[\/vc_column][\/vc_row][vc_row css_animation=&#8220;element_from_bottom&#8220; row_type=&#8220;row&#8220; use_row_as_full_screen_section=&#8220;yes&#8220; type=&#8220;full_width&#8220; angled_section=&#8220;no&#8220; text_align=&#8220;center&#8220; background_image_as_pattern=&#8220;without_pattern&#8220; z_index=&#8220;&#8220; css=&#8220;.vc_custom_1644501120357{padding-top: 80px !important;padding-bottom: 100px !important;background-color: #f7f9ff !important;}&#8220; anchor=&#8220;heinselmaenner&#8220;][vc_column width=&#8220;5\/6&#8243; el_id=&#8220;floater, floaterRight&#8220; offset=&#8220;vc_col-md-offset-2 vc_col-md-8 vc_col-sm-offset-1&#8243; css=&#8220;.vc_custom_1646669735526{padding-right: 40px !important;padding-left: 40px !important;}&#8220;][vc_column_text]<\/p>\n<h1 style=\"text-align: center;\">Die HEINSelm\u00e4nner<\/h1>\n<p>[\/vc_column_text][vc_column_text]<\/p>\n<p style=\"text-align: center;\">\u201cDie HEiNSelm\u00e4nner e.V.\u201d ist ein Verein, der im Kreis Heinsberg<span class=\"TextRun SCXW250082698 BCX0\" lang=\"DE-DE\" xml:lang=\"DE-DE\" data-contrast=\"auto\"><span class=\"NormalTextRun CommentHighlightPipeClicked SCXW250082698 BCX0\"> in Not geratenen Menschen hilft. <\/span><\/span><\/p>\n<p style=\"text-align: center;\"><span class=\"TextRun SCXW250082698 BCX0\" lang=\"DE-DE\" xml:lang=\"DE-DE\" data-contrast=\"auto\"><span class=\"NormalTextRun CommentHighlightPipeClicked SCXW250082698 BCX0\">S<\/span><span class=\"NormalTextRun SCXW250082698 BCX0\">ie wurde <\/span><span class=\"NormalTextRun SCXW250082698 BCX0\">2010 <\/span><\/span><span class=\"TrackChangeTextDeletion TrackedChange SCXW250082698 BCX0\"><span class=\"TextRun SCXW250082698 BCX0\" lang=\"DE-DE\" xml:lang=\"DE-DE\" data-contrast=\"auto\"><span class=\"NormalTextRun SCXW250082698 BCX0\">aus <\/span><\/span><\/span><span class=\"TrackChangeTextInsertion TrackedChange SCXW250082698 BCX0\"><span class=\"TextRun SCXW250082698 BCX0\" lang=\"DE-DE\" xml:lang=\"DE-DE\" data-contrast=\"auto\"><span class=\"NormalTextRun SCXW250082698 BCX0\">von <\/span><\/span><\/span><span class=\"TextRun SCXW250082698 BCX0\" lang=\"DE-DE\" xml:lang=\"DE-DE\" data-contrast=\"auto\"><span class=\"NormalTextRun SCXW250082698 BCX0\">dem regionalen Telekommunikations- und IT-Dienstleister <\/span><span class=\"NormalTextRun SpellingErrorV2 SCXW250082698 BCX0\">NetAachen<\/span> <\/span><span class=\"TrackChangeTextDeletion TrackedChange SCXW250082698 BCX0\"><span class=\"TextRun SCXW250082698 BCX0\" lang=\"DE-DE\" xml:lang=\"DE-DE\" data-contrast=\"auto\"><span class=\"NormalTextRun SCXW250082698 BCX0\">heraus <\/span><\/span><\/span><span class=\"TextRun SCXW250082698 BCX0\" lang=\"DE-DE\" xml:lang=\"DE-DE\" data-contrast=\"auto\"><span class=\"NormalTextRun SCXW250082698 BCX0\">geschaffen <\/span><span class=\"NormalTextRun SCXW250082698 BCX0\">und<br \/>\n<\/span><\/span><span class=\"TextRun SCXW250082698 BCX0\" lang=\"DE-DE\" xml:lang=\"DE-DE\" data-contrast=\"auto\"><span class=\"NormalTextRun SCXW250082698 BCX0\">half seitdem mit mehr als 100.000 \u20ac Spendenleistungen Menschen<\/span><span class=\"NormalTextRun SCXW250082698 BCX0\"> aus der Region <\/span><\/span><span class=\"TextRun SCXW250082698 BCX0\" lang=\"DE-DE\" xml:lang=\"DE-DE\" data-contrast=\"none\"><span class=\"NormalTextRun SCXW250082698 BCX0\">\u201e<\/span><\/span><span class=\"TextRun SCXW250082698 BCX0\" lang=\"DE-DE\" xml:lang=\"DE-DE\" data-contrast=\"auto\"><span class=\"NormalTextRun SCXW250082698 BCX0\">HS\u201d,<br \/>\n<\/span><\/span><span class=\"TextRun SCXW250082698 BCX0\" lang=\"DE-DE\" xml:lang=\"DE-DE\" data-contrast=\"auto\"><span class=\"NormalTextRun SCXW250082698 BCX0\">nach einem unverschuldeten Schicksalsschlag zur\u00fcck in ein Alltagsleben zu finden.<br \/>\n<\/span><span class=\"NormalTextRun SCXW250082698 BCX0\">Eine Jury des Vereins unter Vorsitz des Landrats des Kreises Heinsberg<\/span><span class=\"NormalTextRun SCXW250082698 BCX0\"> Stephan Pusch<\/span><span class=\"NormalTextRun SCXW250082698 BCX0\"> entscheidet<br \/>\n<\/span><span class=\"NormalTextRun SCXW250082698 BCX0\">nach Pr\u00fcfung des Hilfsantrags \u00fcber die Form und H\u00f6he der Hilfsleistung.\u00a0<\/span><span class=\"NormalTextRun SCXW250082698 BCX0\">\u00a0<\/span><\/span><span class=\"EOP SCXW250082698 BCX0\" data-ccp-props=\"{&quot;201341983&quot;:0,&quot;335559739&quot;:160,&quot;335559740&quot;:259}\">\u00a0<\/span><\/p>\n<p>[\/vc_column_text]<a  itemprop=\"url\" href=\"\/?page_id=14\" target=\"_self\"  class=\"qbutton  center default pinkButton\" style=\"\">Mehr erfahren<\/a>[\/vc_column][\/vc_row][vc_row css_animation=&#8220;&#8220; row_type=&#8220;row&#8220; use_row_as_full_screen_section=&#8220;no&#8220; type=&#8220;grid&#8220; angled_section=&#8220;no&#8220; text_align=&#8220;center&#8220; background_image_as_pattern=&#8220;without_pattern&#8220; z_index=&#8220;&#8220; el_class=&#8220;graficHolderRow&#8220;][vc_column el_class=&#8220;graficHolder&#8220; offset=&#8220;vc_hidden-lg vc_hidden-md vc_hidden-sm vc_hidden-xs&#8220;][vc_single_image image=&#8220;69&#8243; img_size=&#8220;300&#215;300&#8243; alignment=&#8220;right&#8220; qode_css_animation=&#8220;&#8220; qode_hover_animation=&#8220;zoom_in&#8220; el_id=&#8220;floaterRight&#8220; el_class=&#8220;floater&#8220;][\/vc_column][\/vc_row][vc_row css_animation=&#8220;element_from_left&#8220; row_type=&#8220;row&#8220; use_row_as_full_screen_section=&#8220;yes&#8220; type=&#8220;full_width&#8220; angled_section=&#8220;no&#8220; text_align=&#8220;center&#8220; background_image_as_pattern=&#8220;without_pattern&#8220; z_index=&#8220;&#8220;][vc_column width=&#8220;5\/6&#8243; offset=&#8220;vc_col-sm-offset-1&#8243; css=&#8220;.vc_custom_1644503896793{padding-top: 50px !important;padding-bottom: 100px !important;}&#8220;][vc_column_text]<\/p>\n<h1 style=\"text-align: center;\">Unsere aktuellsten Projekte<\/h1>\n<p>[\/vc_column_text]\n<div class='latest_post_holder boxes three_columns one_row' >\n    <ul>\n    \n        <li class=\"clearfix\">\n            <div class=\"boxes_image\">\n                                <a itemprop=\"url\" href=\"https:\/\/www.heinselmaenner.de\/?p=502\"><img loading=\"lazy\" decoding=\"async\" width=\"539\" height=\"303\" src=\"https:\/\/www.heinselmaenner.de\/wp-content\/uploads\/2022\/03\/Hilfe-fuer-Familienhelfer-539x303.jpg\" class=\"attachment-latest_post_boxes size-latest_post_boxes wp-post-image\" alt=\"Roland Sommer (Familienhelfer) \u00fcbergibt Wilfried Boms (HEiNSelm\u00e4nner) eine Dankeskarte\" \/><\/a>\n            <\/div>\n            <div class=\"latest_post\"  >\n                <div class=\"latest_post_text\">\n                    <div class=\"latest_post_inner\">\n                        <div class=\"latest_post_text_inner\">\n                            <h4 itemprop=\"name\" class=\"latest_post_title entry_title\"><a itemprop=\"url\" href=\"https:\/\/www.heinselmaenner.de\/?p=502\">Hilfe f\u00fcr Familienhelfer<\/a><\/h4>\n                            <p class=\"excerpt\">Die HEiNSelm\u00e4nner spenden 2500 Euro an das Projekt der Familienhelfer*innen. Wie...<\/p>\n                            <span class=\"post_infos\">\n                                                                                                \n                                \n                                                            <\/span>\n                        <\/div>\n                    <\/div>\n                <\/div>\n            <\/div>\n        <\/li>\n        <\/ul>\n<\/div><a  itemprop=\"url\" href=\"\/?page_id=16\" target=\"_self\"  class=\"qbutton  center default pinkButton projekteButton\" style=\"\">Alle Projekte<\/a>[\/vc_column][\/vc_row][vc_row css_animation=&#8220;&#8220; row_type=&#8220;row&#8220; use_row_as_full_screen_section=&#8220;yes&#8220; type=&#8220;grid&#8220; angled_section=&#8220;no&#8220; text_align=&#8220;center&#8220; background_image_as_pattern=&#8220;without_pattern&#8220; css=&#8220;.vc_custom_1645172570172{padding-bottom: 100px !important;background-color: #f7f9ff !important;}&#8220; z_index=&#8220;&#8220; anchor=&#8220;antrag&#8220;][vc_column css_animation=&#8220;fadeInLeft&#8220; width=&#8220;5\/6&#8243; offset=&#8220;vc_col-sm-offset-1&#8243; css=&#8220;.vc_custom_1645172590644{padding-top: 50px !important;}&#8220;][vc_column_text]<\/p>\n<h1 style=\"text-align: center; padding-bottom: 10px;\">Personen in Not helfen<\/h1>\n<h2 style=\"text-align: center; padding-bottom: 20px;\"><a href=\"\/?page_id=22\">Antrag auf Unterst\u00fctzung stellen<\/a><\/h2>\n<p>[\/vc_column_text][vc_column_text]<\/p>\n<p style=\"text-align: center;\">\u201cDie HEiNSelm\u00e4nner e.V.\u201d ist ein Verein, der im Kreis Heinsberg t\u00e4tig ist.<br \/>\nInitiiert von der NetAachen, dem regionalen Telekommunikationsdienstleister, unterst\u00fctzt der Verein<br \/>\nBewohner des Kreises Heinsberg, die unverschuldet in Not geraten sind.<br \/>\nEine eigens durch diesen Verein einberufene Jury, unter dem Vorsitz von Landrat Stephan Pusch,<br \/>\nwird schnell und unb\u00fcrokratisch \u00fcber gestellte Antr\u00e4ge entscheiden.<br \/>\n\u00dcber die Kontaktm\u00f6glichkeit auf dieser Website k\u00f6nnen nun online Antr\u00e4ge gestellt werden.<br \/>\nPro Jahr sollen voraussichtlich f\u00fcnf bis sechs Projekte unterst\u00fctzt werden.<\/p>\n<p>[\/vc_column_text]<a  itemprop=\"url\" href=\"\/?page_id=22\" target=\"_self\"  class=\"qbutton  center default pinkButton\" style=\"\">Zum Antragsformular<\/a>[\/vc_column][\/vc_row][vc_row css_animation=&#8220;&#8220; row_type=&#8220;row&#8220; use_row_as_full_screen_section=&#8220;no&#8220; type=&#8220;grid&#8220; angled_section=&#8220;no&#8220; text_align=&#8220;center&#8220; background_image_as_pattern=&#8220;without_pattern&#8220; z_index=&#8220;&#8220; el_class=&#8220;graficHolderRow&#8220;][vc_column el_id=&#8220;graficHolder&#8220; offset=&#8220;vc_hidden-lg vc_hidden-md vc_hidden-sm vc_hidden-xs&#8220;][vc_single_image image=&#8220;70&#8243; img_size=&#8220;medium&#8220; qode_css_animation=&#8220;&#8220; qode_hover_animation=&#8220;zoom_in&#8220; el_id=&#8220;floaterLeft&#8220; el_class=&#8220;floater&#8220;][\/vc_column][\/vc_row][vc_row css_animation=&#8220;&#8220; row_type=&#8220;row&#8220; use_row_as_full_screen_section=&#8220;no&#8220; type=&#8220;full_width&#8220; angled_section=&#8220;no&#8220; text_align=&#8220;center&#8220; background_image_as_pattern=&#8220;without_pattern&#8220; css=&#8220;.vc_custom_1649073849511{background-image: url(https:\/\/www.heinselmaenner.de\/wp-content\/uploads\/2022\/02\/Spenden_HintergrundWolken_hell-scaled.jpg?id=345) !important;background-position: center !important;background-repeat: no-repeat !important;background-size: cover !important;}&#8220; anchor=&#8220;spenden&#8220; z_index=&#8220;&#8220;][vc_column css_animation=&#8220;fadeInUp&#8220; css=&#8220;.vc_custom_1645443259254{margin-bottom: 100px !important;padding-top: 50px !important;padding-bottom: 100px !important;}&#8220; offset=&#8220;vc_col-lg-offset-0 vc_col-md-offset-0 vc_col-sm-offset-0&#8243; el_id=&#8220;spendenText&#8220;][vc_column_text el_id=&#8220;spendenText&#8220;]<\/p>\n<h1 style=\"text-align: center;\">Selber helfen<\/h1>\n<p>[\/vc_column_text]<a  itemprop=\"url\" href=\"\/?page_id=20\" target=\"_self\" data-hover-background-color='rgba(0,0,0,0.01)' data-hover-color='#ffffff' class=\"qbutton  center default pinkButton\" style=\"\">Zum Spendenformular<\/a>[vc_row_inner row_type=&#8220;row&#8220; type=&#8220;grid&#8220; text_align=&#8220;left&#8220; css_animation=&#8220;&#8220; css=&#8220;.vc_custom_1645114663390{margin-top: 50px !important;}&#8220; el_class=&#8220;spendenZeile&#8220;][vc_column_inner width=&#8220;2\/3&#8243; offset=&#8220;vc_col-md-offset-0 vc_col-md-6 vc_col-sm-offset-2 vc_hidden-sm vc_col-xs-10 vc_hidden-xs&#8220;][vc_single_image image=&#8220;107&#8243; img_size=&#8220;280&#215;350&#8243; alignment=&#8220;center&#8220; qode_css_animation=&#8220;&#8220;][\/vc_column_inner][vc_column_inner width=&#8220;5\/6&#8243; offset=&#8220;vc_col-md-offset-0 vc_col-md-6 vc_col-sm-offset-1 vc_hidden-sm vc_col-xs-10 vc_hidden-xs&#8220;][vc_column_text]<\/p>\n<p style=\"text-align: left;\"><span class=\"TextRun SCXW79578736 BCX0\" lang=\"DE-DE\" xml:lang=\"DE-DE\" data-contrast=\"auto\"><span class=\"NormalTextRun SCXW79578736 BCX0\">Menschen aus ihrer unverschuldeten Notsituation herauszuhelfen, und <\/span><span class=\"NormalTextRun ContextualSpellingAndGrammarErrorV2 SCXW79578736 BCX0\">das<\/span><span class=\"NormalTextRun SCXW79578736 BCX0\"> im Raum Heinsberg, das ist der Auftrag der <\/span><span class=\"NormalTextRun SpellingErrorV2 SCXW79578736 BCX0\">HEiNSelm\u00e4nner<\/span><span class=\"NormalTextRun SCXW79578736 BCX0\"> e.V.<\/span><span class=\"NormalTextRun SCXW79578736 BCX0\">! Dies gelingt seit 2010 vor allem <\/span><span class=\"NormalTextRun SCXW79578736 BCX0\">d<\/span><span class=\"NormalTextRun SCXW79578736 BCX0\">ank der Mithilfe zahlreicher Spender*innen<\/span><span class=\"NormalTextRun SCXW79578736 BCX0\">. So kamen in diesem Zeitraum bis heute \u00fcber 100.000 \u20ac zusammen. Doch die <\/span><span class=\"NormalTextRun SpellingErrorV2 SCXW79578736 BCX0\">HEiNSelm\u00e4nner<\/span><span class=\"NormalTextRun SCXW79578736 BCX0\"> e.V. sind auch weiterhin auf eine aktive <\/span><span class=\"NormalTextRun SCXW79578736 BCX0\">Zuwendung von Ihnen als Spender*in angewiesen, um ihre guten Taten umsetzen zu k\u00f6nnen, und freuen sich daher \u00fcber jede Spende<\/span><span class=\"NormalTextRun SCXW79578736 BCX0\">! So k\u00f6nnen Sie unmittelbar Menschen in der Region Heinsberg helfen<\/span><span class=\"NormalTextRun SCXW79578736 BCX0\">.\u00a0<\/span><\/span><span class=\"EOP SCXW79578736 BCX0\" data-ccp-props=\"{&quot;201341983&quot;:0,&quot;335559739&quot;:160,&quot;335559740&quot;:259}\">\u00a0<\/span><\/p>\n<p>[\/vc_column_text][\/vc_column_inner][\/vc_row_inner][vc_row_inner row_type=&#8220;row&#8220; type=&#8220;grid&#8220; text_align=&#8220;center&#8220; css_animation=&#8220;&#8220;][vc_column_inner width=&#8220;5\/6&#8243; css=&#8220;.vc_custom_1645116280656{margin-top: 20px !important;margin-bottom: 30px !important;}&#8220; offset=&#8220;vc_hidden-lg vc_col-md-offset-1 vc_hidden-md vc_col-sm-offset-1&#8243;][vc_column_text css=&#8220;.vc_custom_1649073995720{margin-bottom: 30px !important;}&#8220;]<\/p>\n<p><span class=\"TextRun SCXW79578736 BCX0\" lang=\"DE-DE\" xml:lang=\"DE-DE\" data-contrast=\"auto\"><span class=\"NormalTextRun SCXW79578736 BCX0\">Menschen aus ihrer unverschuldeten Notsituation herauszuhelfen, und <\/span><span class=\"NormalTextRun ContextualSpellingAndGrammarErrorV2 SCXW79578736 BCX0\">das<\/span><span class=\"NormalTextRun SCXW79578736 BCX0\"> im Raum Heinsberg, das ist der Auftrag der <\/span><span class=\"NormalTextRun SpellingErrorV2 SCXW79578736 BCX0\">HEiNSelm\u00e4nner<\/span><span class=\"NormalTextRun SCXW79578736 BCX0\"> e.V.<\/span><span class=\"NormalTextRun SCXW79578736 BCX0\">! Dies gelingt seit 2010 vor allem <\/span><span class=\"NormalTextRun SCXW79578736 BCX0\">d<\/span><span class=\"NormalTextRun SCXW79578736 BCX0\">ank der Mithilfe zahlreicher Spender*innen<\/span><span class=\"NormalTextRun SCXW79578736 BCX0\">. So kamen in diesem Zeitraum bis heute \u00fcber 100.000 \u20ac zusammen. Doch die <\/span><span class=\"NormalTextRun SpellingErrorV2 SCXW79578736 BCX0\">HEiNSelm\u00e4nner<\/span><span class=\"NormalTextRun SCXW79578736 BCX0\"> e.V. sind auch weiterhin auf eine aktive <\/span><span class=\"NormalTextRun SCXW79578736 BCX0\">Zuwendung von Ihnen als Spender*in angewiesen, um ihre guten Taten umsetzen zu k\u00f6nnen, und freuen sich daher \u00fcber jede Spende<\/span><span class=\"NormalTextRun SCXW79578736 BCX0\">! So k\u00f6nnen Sie unmittelbar Menschen in der Region Heinsberg helfen<\/span><span class=\"NormalTextRun SCXW79578736 BCX0\">.\u00a0<\/span><\/span><span class=\"EOP SCXW79578736 BCX0\" data-ccp-props=\"{&quot;201341983&quot;:0,&quot;335559739&quot;:160,&quot;335559740&quot;:259}\">\u00a0<\/span><\/p>\n<p>[\/vc_column_text][vc_single_image image=&#8220;107&#8243; img_size=&#8220;280&#215;350&#8243; alignment=&#8220;center&#8220; qode_css_animation=&#8220;&#8220;][\/vc_column_inner][\/vc_row_inner][vc_row_inner row_type=&#8220;row&#8220; type=&#8220;grid&#8220; text_align=&#8220;center&#8220; css_animation=&#8220;&#8220;][vc_column_inner width=&#8220;5\/6&#8243; css=&#8220;.vc_custom_1645116428713{margin-top: 20px !important;}&#8220; offset=&#8220;vc_col-md-offset-1 vc_col-sm-offset-1&#8243;]<a id=\"spendenButton\" itemprop=\"url\" href=\"\/?page_id=20\" target=\"_self\" data-hover-background-color='rgba(0,0,0,0.01)' data-hover-color='#ffffff' class=\"qbutton  center default pinkButton\" style=\"\">Jetzt spenden<\/a>[\/vc_column_inner][\/vc_row_inner][\/vc_column][\/vc_row]<\/p>\n","protected":false},"excerpt":{"rendered":"<p>[vc_row css_animation=&#8220;&#8220; row_type=&#8220;row&#8220; use_row_as_full_screen_section=&#8220;yes&#8220; type=&#8220;grid&#8220; angled_section=&#8220;no&#8220; text_align=&#8220;center&#8220; background_image_as_pattern=&#8220;without_pattern&#8220; z_index=&#8220;&#8220;][vc_column][\/vc_column][\/vc_row][vc_row css_animation=&#8220;element_from_bottom&#8220; row_type=&#8220;row&#8220; use_row_as_full_screen_section=&#8220;yes&#8220; type=&#8220;full_width&#8220; angled_section=&#8220;no&#8220; text_align=&#8220;center&#8220; background_image_as_pattern=&#8220;without_pattern&#8220; z_index=&#8220;&#8220; css=&#8220;.vc_custom_1644501120357{padding-top: 80px !important;padding-bottom: 100px !important;background-color: #f7f9ff !important;}&#8220; anchor=&#8220;heinselmaenner&#8220;][vc_column width=&#8220;5\/6&#8243; el_id=&#8220;floater, floaterRight&#8220; offset=&#8220;vc_col-md-offset-2 vc_col-md-8 vc_col-sm-offset-1&#8243; css=&#8220;.vc_custom_1646669735526{padding-right: 40px !important;padding-left: 40px !important;}&#8220;][vc_column_text] Die HEINSelm\u00e4nner [\/vc_column_text][vc_column_text] \u201cDie HEiNSelm\u00e4nner e.V.\u201d ist ein Verein,&#8230;<\/p>\n","protected":false},"author":1,"featured_media":0,"parent":0,"menu_order":0,"comment_status":"closed","ping_status":"closed","template":"full_width.php","meta":{"footnotes":""},"class_list":["post-8","page","type-page","status-publish","hentry"],"_links":{"self":[{"href":"https:\/\/www.heinselmaenner.de\/index.php?rest_route=\/wp\/v2\/pages\/8","targetHints":{"allow":["GET"]}}],"collection":[{"href":"https:\/\/www.heinselmaenner.de\/index.php?rest_route=\/wp\/v2\/pages"}],"about":[{"href":"https:\/\/www.heinselmaenner.de\/index.php?rest_route=\/wp\/v2\/types\/page"}],"author":[{"embeddable":true,"href":"https:\/\/www.heinselmaenner.de\/index.php?rest_route=\/wp\/v2\/users\/1"}],"replies":[{"embeddable":true,"href":"https:\/\/www.heinselmaenner.de\/index.php?rest_route=%2Fwp%2Fv2%2Fcomments&post=8"}],"version-history":[{"count":126,"href":"https:\/\/www.heinselmaenner.de\/index.php?rest_route=\/wp\/v2\/pages\/8\/revisions"}],"predecessor-version":[{"id":566,"href":"https:\/\/www.heinselmaenner.de\/index.php?rest_route=\/wp\/v2\/pages\/8\/revisions\/566"}],"wp:attachment":[{"href":"https:\/\/www.heinselmaenner.de\/index.php?rest_route=%2Fwp%2Fv2%2Fmedia&parent=8"}],"curies":[{"name":"wp","href":"https:\/\/api.w.org\/{rel}","templated":true}]}}